962944 a multiple of 648?
True
Does 25 divide 469475?
True
Does 331 divide 1972821?
False
Is 21874634 a multiple of 150?
False
Does 1686 divide 836954693?
False
Does 14444 divide 6217622016?
True
Is 10 a factor of 65669970?
True
Is 4720 a factor of 358469840?
True
Is 16 a factor of 45896304?
True
Is 93256025 a multiple of 29?
True
Is 7715840 a multiple of 10?
True
Is 7083308 a multiple of 4?
True
Is 1263 a factor of 40066149?
True
Does 8 divide 577724956?
False
Is 13 a factor of 4322994?
True
Does 6 divide 8452394?
False
Is 36288720 a multiple of 390?
True
Is 74273135 a multiple of 324?
False
Is 35 a factor of 20969725?
True
Does 2343 divide 181926664?
False
Is 14 a factor of 186290916?
True
Does 133 divide 18721658?
False
Is 59897303 a multiple of 170?
False
Does 9 divide 18366795?
True
Is 538 a factor of 1629268867?
False
Is 479 a factor of 340722280?
True
Does 48 divide 118889280?
True
Is 532 a factor of 38595412?
False
Does 21 divide 18119409?
True
Is 39861720 a multiple of 648?
True
Does 935 divide 14248465?
True
Is 439074216 a multiple of 20?
False
Is 45 a factor of 2117197?
False
Is 1146859456 a multiple of 785?
False
Is 1521790292 a multiple of 17?
True
Is 54 a factor of 1017870?
False
Does 9 divide 31145517?
True
Does 872 divide 17032894?
False
Does 895 divide 83073882?
False
Is 9 a factor of 1030347801?
True
Is 171521810 a multiple of 24?
False
Is 1708 a factor of 499319567?
False
Is 75 a factor of 5699140?
False
Is 70 a factor of 1623790240?
False
Is 344 a factor of 1745746626?
False
Is 25015248 a multiple of 1338?
True
Is 66653970 a multiple of 15?
True
Is 1426 a factor of 176467804?
False
Is 3254 a factor of 616730620?
True
Does 105 divide 63371595?
True
Is 82081738 a multiple of 65?
False
Is 741155190 a multiple of 2710?
True
Does 23 divide 276799986?
True
Does 2528 divide 13365870?
False
Is 221038848 a multiple of 24?
True
Does 30 divide 166629446?
False
Is 453380073 a multiple of 706?
False
Is 7 a factor of 300433472?
False
Does 634 divide 18655138?
False
Is 6 a factor of 1196038312?
False
Does 1885 divide 159797105?
True
Is 1299 a factor of 208688247?
True
Is 4 a factor of 54688634?
False
Does 8 divide 1510275279?
False
Is 35 a factor of 11722055?
False
Is 90363344 a multiple of 2224?
True
Does 176 divide 1097502384?
True
Is 82 a factor of 2267751999?
False
Is 11103031 a multiple of 192?
False
Is 94 a factor of 1248618262?
True
Does 736 divide 55154368?
True
Does 13 divide 346686392?
True
Is 474 a factor of 577620192?
True
Is 629190 a multiple of 6?
True
Is 58 a factor of 461691223?
False
Is 65 a factor of 58032455?
True
Does 8698 divide 2213362664?
True
Does 660 divide 269258119?
False
Is 3373 a factor of 368980715?
False
Is 33 a factor of 1019266998?
False
Is 181828178 a multiple of 21?
False
Is 731 a factor of 80281344?
True
Is 3 a factor of 15053076?
True
Is 6402 a factor of 1132026106?
False
Is 116 a factor of 1789880?
True
Does 1915 divide 2637772705?
True
Is 71 a factor of 122446675?
False
Is 63 a factor of 715618771?
False
Is 240 a factor of 44121600?
True
Is 528 a factor of 297745008?
True
Is 51776600 a multiple of 1130?
True
Is 4566 a factor of 2178432805?
False
Does 16 divide 36533920?
True
Does 16 divide 2468469?
False
Does 7 divide 9601886?
True
Is 21550668 a multiple of 219?
False
Is 56999946 a multiple of 1582?
False
Does 947 divide 567876126?
True
Is 49 a factor of 73353637?
True
Is 5470639227 a multiple of 16?
False
Is 51247288 a multiple of 102?
False
Does 52 divide 2875263768?
True
Is 818414358 a multiple of 261?
False
Is 89 a factor of 15854015?
True
Is 174 a factor of 5242446?
True
Is 843 a factor of 93420694?
False
Is 126 a factor of 35124516?
True
Does 91 divide 2238404259?
True
Is 103 a factor of 13411939?
True
Is 215474722 a multiple of 288?
False
Is 177 a factor of 13305280?
False
Does 665 divide 36725979?
False
Is 27 a factor of 63846738?
True
Does 70 divide 246376300?
False
Is 1207 a factor of 1544492891?
True
Is 4 a factor of 6697038?
False
Is 14 a factor of 2610197706?
False
Is 7798104 a multiple of 4?
True
Is 85 a factor of 614241393?
False
Is 54973424 a multiple of 8?
True
Does 965 divide 40499120?
True
Is 2828 a factor of 1462771688?
True
Is 3 a factor of 1967453?
False
Is 14 a factor of 1805943?
False
Is 684 a factor of 283734828?
True
Does 15 divide 589837875?
True
Is 1296 a factor of 10916208?
True
Does 525 divide 73462867?
False
Does 376 divide 38702432?
True
Does 26 divide 6434378?
False
Is 5 a factor of 26996028?
False
Is 12617523 a multiple of 10?
False
Does 23 divide 77843512?
False
Does 864 divide 142746379?
False
Is 20280718 a multiple of 83?
True
Is 5774 a factor of 769223170?
False
Does 71 divide 25973370?
False
Does 55 divide 21266355?
True
Does 7421 divide 479040392?
True
Is 5596993140 a multiple of 784?
False
Does 73 divide 136817549?
True
Is 684 a factor of 421779286?
False
Is 92296113 a multiple of 1043?
True
Is 21122167 a multiple of 294?
False
Does 2 divide 18533128?
True
Does 55 divide 181867125?
True
Is 17 a factor of 6377322?
False
Does 693 divide 1918343196?
True
Is 20849974 a multiple of 71?
False
Is 619267 a multiple of 3?
False
Is 6 a factor of 227907024?
True
Is 20151922 a multiple of 62?
True
Does 25 divide 129095100?
True
Is 18 a factor of 4186021806?
True
Does 473 divide 2624116642?
False
Is 314 a factor of 53716455?
False
Does 32 divide 189495507?
False
Is 168 a factor of 15487248?
True
Is 2994421 a multiple of 2?
False
Does 18 divide 1243468?
False
Is 1895 a factor of 159039770?
True
Does 13 divide 17990596?
True
Is 48 a factor of 841493047?
False
Does 953 divide 42243631?
True
Does 208 divide 946679804?
False
Is 2666 a factor of 2271432?
True
Is 250159360 a multiple of 3586?
True
Does 56 divide 5488756952?
True
Is 585743060 a multiple of 49?
True
Does 12 divide 161314284?
True
Is 867091614 a multiple of 29?
False
Does 112 divide 25792256?
True
Is 312 a factor of 30543156?
False
Does 180 divide 8307768?
False
Is 866193 a multiple of 108?
False
Is 27446091 a multiple of 109?
True
Does 212 divide 40676971?
False
Does 74 divide 839833501?
False
Is 141962948 a multiple of 52?
False
Is 9822243 a multiple of 1474?
False
Is 347 a factor of 167054275?
False
Does 2 divide 14661555?
False
Is 2783 a factor of 546205495?
True
Is 10 a factor of 299981202?
False
Is 406 a factor of 81584076?
True
Does 13 divide 74142952?
True
Is 504260190 a multiple of 855?
True
Does 5163 divide 22686222?
True
Is 24 a factor of 2878115334?
False
Does 49 divide 1127995644?
False
Is 1611 a factor of 375857577?
True
Is 160 a factor of 701969760?
True
Does 112 divide 172522864?
False
Is 297 a factor of 467140608?
True
Is 75 a factor of 98345831?
False
Is 5537970 a multiple of 5805?
True
Is 78276113 a multiple of 123?
False
Does 20 divide 81786395?
False
Does 20 divide 10561247?
False
Is 119807952 a multiple of 206?
True
Is 397492622 a multiple of 3026?
False
Does 366 divide 27370944?
True
Does 2497 divide 629945719?
False
Is 7768433 even?
False
Is 38574240 a multiple of 160?
True
Is 45652590 a multiple of 10?
True
Does 6 divide 642590305?
False
Does 118 divide 180759126?
True
Does 15 divide 5986860068?
False
Does 473 divide 16509119?
True
Is 1518 a factor of 1127684187?
False
Does 209 divide 95321974?
True
Is 17169600 a multiple of 96?
True
Is 2 a factor of 1172488?
True
Is 25 a factor of 3674481825?
True
Is 879695 a multiple of 194?
False
Is 10710873 a multiple of 51?
False
Does 914 divide 167280280?
True
Does 29 divide 1332200720?
False
Is 40 a factor of 1158240480?
True
Does 12 divide 44890926?
False
Is 18715723 a multiple of 222?
False
Is 22 a factor of 207026729?
False
Is 100987519 a multiple of 128?
False
Does 12 divide 957201528?
True
Is 52175700 a multiple of 900?
True
Is 689 a factor of 9386247?
True
Does 1677 divide 12796241?
False
Is 1765220752 a multiple of 3096?
False
Is 735 a factor of 5437411?
False
Is 42239155 a multiple of 513?
False
Is 1938 a factor of 679225586?
False
Is 207 a factor of 67851081?
True
Does 560 divide 93347962?
False
Does 617 divide 4027734661?
True
Does 4145 divide 16522551?
False
Is 29 a factor of 43026780?
False
Does 3 divide 30805341?
True
Is 161 a factor of 1581659073?
False
Does 43 divide 991131128?
False
Does 208 divide 540643792?
True
Is 1287 a factor